3 a factor of 915112260?
False
Does 25 divide 2330884285?
False
Is 1444 a factor of 2285756696?
True
Is 1505519993 a multiple of 43?
False
Is 15426796 a multiple of 42?
False
Does 138 divide 620222716?
False
Is 521 a factor of 291078665?
False
Does 4254 divide 968210400?
True
Is 133 a factor of 3638880?
True
Is 3155 a factor of 243985615?
True
Is 734 a factor of 66847582?
True
Is 245417706 a multiple of 9479?
False
Is 12929969 a multiple of 2522?
False
Is 24 a factor of 55213056?
True
Does 648 divide 4268962?
False
Is 275 a factor of 69523943?
False
Is 84058700 a multiple of 2170?
False
Is 100 a factor of 103495700?
True
Does 217 divide 7042528?
False
Is 4971324 a multiple of 57?
False
Is 2048 a factor of 133167520?
False
Does 890 divide 73683100?
True
Does 69 divide 33172068?
False
Is 59 a factor of 21227020?
True
Is 4 a factor of 148294135?
False
Is 93 a factor of 1212686613?
True
Is 72 a factor of 3814130088?
True
Does 659 divide 3340195538?
True
Is 768573648 a multiple of 3599?
True
Is 82 a factor of 3655106?
False
Is 245 a factor of 438001001?
False
Is 8 a factor of 493293510?
False
Does 106 divide 147670669?
False
Is 204660540 a multiple of 3045?
True
Is 1278 a factor of 210626161?
False
Does 42 divide 62961?
False
Is 2989489264 a multiple of 8?
True
Is 834555355 a multiple of 29?
False
Does 36 divide 442403506?
False
Is 90251574 a multiple of 14?
True
Is 108095864 a multiple of 76?
True
Is 2566530356 a multiple of 13?
True
Is 85423416 a multiple of 1014?
True
Is 390593071 a multiple of 86?
False
Is 50 a factor of 23335979?
False
Does 1719 divide 43937640?
True
Does 876 divide 62179766?
False
Is 194001235 a multiple of 75?
False
Is 175 a factor of 564456375?
True
Does 708 divide 79108761?
False
Is 35 a factor of 5319125?
True
Does 41 divide 2830305891?
True
Is 56347100 a multiple of 10?
True
Is 317319841 a multiple of 53?
False
Is 1960712583 a multiple of 19?
False
Is 22 a factor of 32002234?
True
Is 38 a factor of 4463117556?
True
Is 20 a factor of 145926584?
False
Is 351 a factor of 174603296?
False
Is 178 a factor of 891402909?
False
Is 417889914 a multiple of 247?
True
Is 2546703727 a multiple of 23?
True
Is 14276004 a multiple of 29?
True
Is 14 a factor of 510097742?
True
Does 191 divide 18480969?
True
Does 737 divide 718275611?
False
Is 75280200 a multiple of 10?
True
Is 3 a factor of 10758060?
True
Is 14231525 a multiple of 385?
True
Is 477808220 a multiple of 5?
True
Is 389851840 a multiple of 6580?
True
Is 358 a factor of 390423344?
True
Is 8568504 a multiple of 6?
True
Does 3513 divide 822248542?
False
Is 19 a factor of 12167485?
False
Does 268 divide 97460880?
True
Does 135 divide 5529277485?
True
Is 12930415 a multiple of 112?
False
Does 232 divide 411916301?
False
Is 726962063 a multiple of 349?
False
Is 31 a factor of 955744849?
True
Is 9532 a factor of 7069322012?
True
Is 11 a factor of 820288777?
True
Is 1125 a factor of 61373401?
False
Is 165 a factor of 5985650385?
True
Is 36 a factor of 283030416?
True
Is 20211246 a multiple of 3?
True
Is 15 a factor of 964650?
True
Does 733 divide 89378678?
False
Is 74 a factor of 259006456?
False
Is 342563804 a multiple of 1166?
True
Is 149086570 a multiple of 178?
True
Does 39 divide 28217574?
False
Is 822 a factor of 459891738?
True
Is 252145857 a multiple of 53?
True
Is 10076 a factor of 401697568?
False
Does 397 divide 21372458?
False
Is 5276 a factor of 58423530?
False
Is 40709341 a multiple of 601?
False
Does 4 divide 9359724?
True
Is 321 a factor of 21074613?
True
Is 37 a factor of 27134505?
True
Is 129413835 a multiple of 1845?
True
Is 4454 a factor of 2520554343?
False
Does 681 divide 103792157?
False
Is 833680 a multiple of 272?
True
Does 945 divide 426424069?
False
Does 520 divide 73535280?
True
Is 22723015 a multiple of 5?
True
Does 58 divide 11541620?
False
Is 955 a factor of 18017323?
False
Is 4513 a factor of 1062233836?
True
Is 53749656 a multiple of 162?
True
Does 123 divide 1219914?
True
Does 33 divide 17613752?
False
Is 870 a factor of 500175180?
True
Is 1800818232 a multiple of 2172?
True
Does 56 divide 18480545?
False
Is 1017 a factor of 140141604?
False
Does 6 divide 217004444?
False
Does 4442 divide 4638016264?
False
Does 3417 divide 89576655?
True
Is 239494 a multiple of 11?
False
Does 4 divide 220496?
True
Is 174018034 a multiple of 974?
False
Does 878 divide 507772519?
False
Does 9 divide 323570691?
True
Is 6 a factor of 381268800?
True
Is 24 a factor of 34281734?
False
Does 325 divide 111729422?
False
Is 555797892 a multiple of 13?
True
Is 3756681 a multiple of 71?
True
Is 64 a factor of 14316928?
True
Is 28 a factor of 5952532?
False
Is 163728883 a multiple of 20?
False
Is 585 a factor of 22316580?
True
Is 290731229 a multiple of 55?
False
Does 1380 divide 237600945?
False
Is 736 a factor of 226782358?
False
Is 50 a factor of 691850800?
True
Does 1071 divide 857851722?
True
Is 7271 a factor of 1911160537?
True
Is 922551400 a multiple of 100?
True
Does 3640 divide 3560840920?
True
Is 11 a factor of 533097763?
True
Is 3547359450 a multiple of 450?
True
Is 840786394 a multiple of 24?
False
Does 40 divide 958882880?
True
Does 128 divide 31666048?
True
Does 2802 divide 90170511?
False
Is 160991292 a multiple of 3?
True
Is 184291646 a multiple of 521?
False
Does 4 divide 5636139?
False
Is 21 a factor of 48110643?
True
Does 628 divide 15051995?
False
Is 6003654 a multiple of 6?
True
Does 1134 divide 579917394?
True
Is 453438490 a multiple of 1370?
True
Is 38 a factor of 787480253?
False
Is 641 a factor of 11867474?
True
Does 12 divide 270940644?
True
Does 118 divide 2283064?
True
Is 258 a factor of 80336814?
True
Does 11 divide 3629802?
True
Is 248550223 a multiple of 83?
True
Does 117 divide 68542371?
False
Is 256520175 a multiple of 5?
True
Is 30 a factor of 33299730?
True
Is 1128 a factor of 22631657?
False
Is 19 a factor of 286462392?
True
Is 1780 a factor of 43545610?
False
Is 2974 a factor of 1573436336?
True
Is 50974224 a multiple of 16?
True
Is 24 a factor of 160758021?
False
Does 35 divide 192505855?
False
Is 13 a factor of 7829700?
False
Is 248008990 a multiple of 5?
True
Is 246435570 a multiple of 745?
True
Is 77 a factor of 212883107?
False
Is 32 a factor of 10425689?
False
Is 355 a factor of 68885593?
False
Is 23625207 a multiple of 115?
False
Does 108 divide 1357046834?
False
Does 6441 divide 766543410?
True
Is 4 a factor of 719057721?
False
Does 3770 divide 1347305785?
False
Does 27 divide 1761465072?
False
Is 658507580 a multiple of 4?
True
Is 96 a factor of 11706720?
True
Is 3 a factor of 11086118?
False
Is 1093 a factor of 1036746569?
True
Is 8552507 even?
False
Is 10 a factor of 1769590?
True
Is 19869156 a multiple of 4?
True
Is 8 a factor of 7233544?
True
Is 2470 a factor of 308530170?
True
Does 3247 divide 196764953?
True
Is 3027562907 a multiple of 101?
False
Does 1829 divide 843459811?
True
Does 1094 divide 12501138?
True
Does 1200 divide 241623600?
True
Does 766 divide 78243070?
True
Does 3803 divide 988019400?
True
Is 5457 a factor of 90971193?
False
Does 6 divide 2086719713?
False
Does 7 divide 348851?
False
Is 2819 a factor of 29393713?
True
Is 3498 a factor of 974937?
False
Does 22 divide 1029096526?
False
Is 10778187 a multiple of 227?
True
Does 11045 divide 1556037095?
False
Is 8 a factor of 29039211?
False
Is 270657240 a multiple of 14?
True
Is 58288305 a multiple of 727?
False
Is 4880190 a multiple of 105?
True
Does 2476 divide 1325242073?
False
Does 29 divide 9468666?
False
Does 1221 divide 161163388?
False
Is 16713939 a multiple of 437?
True
Does 26 divide 3914635487?
False
Is 1765 a factor of 4330690485?
True
Is 36 a factor of 5808055?
False
Is 503 a factor of 1122550130?
True
Is 4511599 a multiple of 228?
False
Is 14 a factor of 153314798?
True
Is 63626580 a multiple of 1566?
True
Does 3928 divide 173270789?
False
Is 18 a factor of 24927516?
True
Does 1288 divide 25224192?
True
Does 106 divide 38971218?
True
Does 119 divide 93410305?
False
Is 7322 a factor of 1061306836?
False
Does 97 divide 1354294677?
False
Is 426698640 a multiple of 1360?
True
Is 505913642 a multiple of 493?
True
Is 220801464 a multiple of 81?
True
Is 8038561 a multiple of 34?
False
Does 20 divide 40721194?
False
Is 27021600 a multiple of 480?
True
Does